on factor of 405 and 180?
45
What is the highest common factor of 7860 and 60?
60
Calculate the highest common divisor of 144 and 624.
48
What is the highest common divisor of 21123 and 9?
9
Calculate the greatest common divisor of 615 and 492.
123
What is the greatest common factor of 176 and 110?
22
What is the highest common divisor of 1316 and 28?
28
What is the highest common divisor of 61 and 3721?
61
What is the greatest common divisor of 78 and 7371?
39
Calculate the highest common divisor of 1525 and 122.
61
Calculate the highest common factor of 748 and 132.
44
What is the highest common divisor of 21 and 917?
7
Calculate the greatest common divisor of 328 and 128.
8
Calculate the greatest common factor of 107 and 1.
1
Calculate the highest common divisor of 200 and 3390.
10
Calculate the highest common divisor of 29 and 8033.
29
What is the greatest common factor of 248 and 1054?
62
What is the greatest common factor of 29 and 232?
29
What is the greatest common factor of 192 and 240?
48
Calculate the greatest common divisor of 72 and 2152.
8
What is the highest common divisor of 232 and 3364?
116
What is the greatest common factor of 144 and 1536?
48
What is the greatest common factor of 16692 and 312?
156
What is the highest common factor of 109 and 545?
109
What is the greatest common divisor of 224 and 35840?
224
What is the highest common factor of 180 and 156?
12
What is the highest common divisor of 3 and 411?
3
What is the highest common divisor of 620 and 2015?
155
What is the greatest common factor of 1724 and 4?
4
Calculate the greatest common factor of 3794 and 14.
14
What is the greatest common divisor of 952 and 544?
136
What is the greatest common factor of 64 and 40?
8
Calculate the greatest common factor of 438 and 90.
6
What is the highest common divisor of 260 and 182?
26
What is the highest common factor of 46 and 8947?
23
What is the greatest common divisor of 7254 and 702?
234
Calculate the highest common factor of 69 and 506.
23
Calculate the highest common factor of 135 and 4635.
45
Calculate the greatest common divisor of 220 and 132.
44
Calculate the greatest common factor of 33 and 11.
11
What is the greatest common divisor of 18 and 2?
2
Calculate the greatest common factor of 666 and 6882.
222
Calculate the highest common factor of 368 and 17020.
92
Calculate the greatest common factor of 3 and 24.
3
What is the highest common factor of 162 and 18?
18
What is the highest common divisor of 684 and 1311?
57
Calculate the greatest common divisor of 430 and 30.
10
What is the highest common factor of 2 and 398?
2
What is the greatest common factor of 47 and 329?
47
What is the greatest common factor of 210 and 90?
30
Calculate the greatest common factor of 270 and 80.
10
Calculate the highest common factor of 210 and 168.
42
What is the highest common factor of 328 and 8692?
164
Calculate the highest common divisor of 803 and 55.
11
What is the highest common divisor of 484 and 36?
4
Calculate the highest common factor of 790 and 4582.
158
What is the greatest common divisor of 154 and 1925?
77
Calculate the greatest common divisor of 69 and 51.
3
Calculate the greatest common divisor of 1572 and 30.
6
Calculate the highest common factor of 952 and 112.
56
Calculate the highest common divisor of 2324 and 28.
28
Calculate the highest common divisor of 4 and 694.
2
What is the greatest common factor of 52 and 416?
52
Calculate the greatest common factor of 28 and 1204.
28
What is the greatest common factor of 37 and 25715?
37
What is the greatest common divisor of 133 and 190?
19
What is the highest common divisor of 99 and 44?
11
Calculate the highest common divisor of 16 and 1200.
16
What is the greatest common factor of 956 and 4?
4
Calculate the greatest common factor of 96 and 4432.
16
What is the highest common factor of 368 and 23?
23
Calculate the highest common divisor of 18984 and 12.
12
What is the highest common factor of 45 and 11565?
45
Calculate the greatest common factor of 10 and 35.
5
Calculate the greatest common divisor of 17 and 17.
17
What is the highest common divisor of 986 and 116?
58
Calculate the greatest common divisor of 308 and 572.
44
Calculate the highest common factor of 2147 and 19.
19
What is the greatest common factor of 2 and 512?
2
What is the greatest common factor of 11 and 671?
11
What is the highest common factor of 33361 and 1371?
457
What is the greatest common factor of 405 and 567?
81
Calculate the highest common factor of 45 and 2880.
45
Calculate the highest common divisor of 16 and 7972.
4
Calculate the highest common divisor of 60 and 6.
6
Calculate the highest common factor of 203 and 91.
7
Calculate the highest common factor of 63 and 783.
9
Calculate the highest common factor of 321 and 107.
107
What is the highest common divisor of 4071 and 69?
69
What is the greatest common factor of 92529 and 27?
27
What is the highest common factor of 56 and 1624?
56
Calculate the greatest common factor of 452 and 791.
113
What is the highest common divisor of 35 and 77?
7
What is the highest common factor of 60 and 1380?
60
What is the greatest common factor of 183 and 976?
61
What is the greatest common divisor of 264 and 24?
24
What is the highest common factor of 424 and 64?
8
Calculate the highest common divisor of 5695 and 255.
85
What is the greatest common factor of 336 and 182?
14
What is the highest common factor of 455 and 429?
13
Calculate the highest common divisor of 1386 and 143.
11
What is the highest common factor of 15463 and 7?
7
Calculate the highest common divisor of 8 and 34.
2
What is the greatest common factor of 346 and 19203?
173
What is the greatest common factor of 60871 and 58?
29
What is the greatest common divisor of 321 and 6?
3
Calculate the greatest common divisor of 100 and 16.
4
Calculate the greatest common divisor of 10 and 1805.
5
What is the highest common divisor of 2483 and 403?
13
What is the greatest common factor of 116 and 58?
58
What is the highest common factor of 4 and 31?
1
Calculate the highest common factor of 660 and 66.
66
What is the greatest common divisor of 12 and 16?
4
What is the highest common divisor of 205 and 1640?
205
What is the highest common factor of 297 and 22?
11
Calculate the greatest common divisor of 44 and 55.
11
What is the greatest common factor of 57 and 19?
19
What is the greatest common divisor of 3630 and 462?
66
What is the highest common factor of 66 and 1353?
33
What is the greatest common divisor of 43770 and 30?
30
Calculate the highest common divisor of 1476 and 24.
12
What is the highest common divisor of 1668 and 12?
12
What is the highest common factor of 6 and 54?
6
Calculate the highest common divisor of 26 and 6.
2
Calculate the highest common factor of 6816 and 192.
96
Calculate the highest common divisor of 120 and 11064.
24
What is the highest common divisor of 18 and 72?
18
What is the greatest common divisor of 665 and 560?
35
Calculate the highest common divisor of 32 and 44.
4
Calculate the greatest common divisor of 4 and 4.
4
What is the greatest common divisor of 39 and 39?
39
Calculate the greatest common factor of 1057 and 3322.
151
What is the highest common divisor of 437 and 171?
19
Calculate the highest common factor of 2320 and 160.
80
What is the highest common divisor of 18 and 54?
18
Calculate the highest common factor of 528 and 12.
12
What is the highest common divisor of 193 and 7?
1
Calculate the highest common divisor of 17 and 5.
1
Calculate the greatest common divisor of 3649 and 2492.
89
What is the highest common factor of 208 and 19?
1
What is the highest common factor of 30 and 1130?
10
Calculate the highest common factor of 1 and 67.
1
What is the highest common divisor of 8 and 11740?
4
Calculate the greatest common factor of 9126 and 162.
54
What is the greatest common factor of 473 and 418?
11
What is the highest common divisor of 56 and 1036?
28
What is the highest common divisor of 1232 and 1694?
154
Calculate the highest common factor of 6 and 942.
6
What is the greatest common divisor of 774 and 18?
18
Calculate the greatest common divisor of 100 and 2025.
25
What is the highest common factor of 423 and 36?
9
Calculate the highest commo